{"id":393,"date":"2012-10-01T00:32:18","date_gmt":"2012-10-01T00:32:18","guid":{"rendered":"http:\/\/dsa-intime.de\/?page_id=393"},"modified":"2012-10-14T14:07:47","modified_gmt":"2012-10-14T14:07:47","slug":"kirche","status":"publish","type":"page","link":"http:\/\/dsa-intime.de\/?page_id=393","title":{"rendered":"Kirche"},"content":{"rendered":"<p>Nachdem wir uns im <a href=\"http:\/\/dsa-intime.de\/?p=360\" target=\"_blank\">ersten Teil<\/a> der G\u00f6tterreihe mit der Voraussetzung f\u00fcr Religion gewidmet haben, soll es in dieser Folge um die weltliche Interpretation der G\u00f6tter gehen. Ob in einem Orden, als Priester oder im Gottesdienst, sein Leben mit oder f\u00fcr die G\u00f6tter zu leben, ist f\u00fcr viele Aventurier selbstverst\u00e4ndlich. Was gilt es zu beachten, wenn man einen gl\u00e4ubigen oder gar geweihten Charakter spielt? Was hei\u00dft es, sein Leben einer Gottheit und deren Dogma zu verschreiben? Wo sind die Unterschiede der verschiedenen Kirchen, wo kann es zu Konflikten kommen und welche Toleranzgrenzen sind gegen Andersgl\u00e4ubige angebracht?<\/p>\n","protected":false},"excerpt":{"rendered":"<p>Nachdem wir uns im ersten Teil der G\u00f6tterreihe mit der Voraussetzung f\u00fcr Religion gewidmet haben, soll es in dieser Folge um die weltliche Interpretation der G\u00f6tter gehen. Ob in einem Orden, als Priester oder im Gottesdienst, sein Leben mit oder &hellip; <a href=\"http:\/\/dsa-intime.de\/?page_id=393\">Weiterlesen <span class=\"meta-nav\">&rarr;<\/span><\/a><\/p>\n","protected":false},"author":1,"featured_media":0,"parent":179,"menu_order":0,"comment_status":"open","ping_status":"open","template":"","meta":[],"_links":{"self":[{"href":"http:\/\/dsa-intime.de\/index.php?rest_route=\/wp\/v2\/pages\/393"}],"collection":[{"href":"http:\/\/dsa-intime.de\/index.php?rest_route=\/wp\/v2\/pages"}],"about":[{"href":"http:\/\/dsa-intime.de\/index.php?rest_route=\/wp\/v2\/types\/page"}],"author":[{"embeddable":true,"href":"http:\/\/dsa-intime.de\/index.php?rest_route=\/wp\/v2\/users\/1"}],"replies":[{"embeddable":true,"href":"http:\/\/dsa-intime.de\/index.php?rest_route=%2Fwp%2Fv2%2Fcomments&post=393"}],"version-history":[{"count":3,"href":"http:\/\/dsa-intime.de\/index.php?rest_route=\/wp\/v2\/pages\/393\/revisions"}],"predecessor-version":[{"id":429,"href":"http:\/\/dsa-intime.de\/index.php?rest_route=\/wp\/v2\/pages\/393\/revisions\/429"}],"up":[{"embeddable":true,"href":"http:\/\/dsa-intime.de\/index.php?rest_route=\/wp\/v2\/pages\/179"}],"wp:attachment":[{"href":"http:\/\/dsa-intime.de\/index.php?rest_route=%2Fwp%2Fv2%2Fmedia&parent=393"}],"curies":[{"name":"wp","href":"https:\/\/api.w.org\/{rel}","templated":true}]}}