{"id":422,"date":"2012-10-14T14:08:58","date_gmt":"2012-10-14T14:08:58","guid":{"rendered":"http:\/\/dsa-intime.de\/?page_id=422"},"modified":"2013-02-03T23:52:16","modified_gmt":"2013-02-03T23:52:16","slug":"kleriker","status":"publish","type":"page","link":"http:\/\/dsa-intime.de\/?page_id=422","title":{"rendered":"Kleriker"},"content":{"rendered":"<p>Ob in einem Orden, als Priester oder im Gottesdienst, sein Leben mit oder f\u00fcr die G\u00f6tter zu leben, ist f\u00fcr viele Aventurier selbstverst\u00e4ndlich. Was gilt es zu beachten, wenn man einen gl\u00e4ubigen oder gar geweihten Charakter spielt? Was hei\u00dft es, sein Leben einer Gottheit und deren Dogma zu verschreiben? Wo sind die Unterschiede der verschiedenen Kirchen, wo kann es zu Konflikten kommen und welche Toleranzgrenzen sind gegen Andersgl\u00e4ubige angebracht?<\/p>\n","protected":false},"excerpt":{"rendered":"<p>Ob in einem Orden, als Priester oder im Gottesdienst, sein Leben mit oder f\u00fcr die G\u00f6tter zu leben, ist f\u00fcr viele Aventurier selbstverst\u00e4ndlich. Was gilt es zu beachten, wenn man einen gl\u00e4ubigen oder gar geweihten Charakter spielt? Was hei\u00dft es, &hellip; <a href=\"http:\/\/dsa-intime.de\/?page_id=422\">Weiterlesen <span class=\"meta-nav\">&rarr;<\/span><\/a><\/p>\n","protected":false},"author":1,"featured_media":0,"parent":179,"menu_order":0,"comment_status":"open","ping_status":"open","template":"","meta":[],"_links":{"self":[{"href":"http:\/\/dsa-intime.de\/index.php?rest_route=\/wp\/v2\/pages\/422"}],"collection":[{"href":"http:\/\/dsa-intime.de\/index.php?rest_route=\/wp\/v2\/pages"}],"about":[{"href":"http:\/\/dsa-intime.de\/index.php?rest_route=\/wp\/v2\/types\/page"}],"author":[{"embeddable":true,"href":"http:\/\/dsa-intime.de\/index.php?rest_route=\/wp\/v2\/users\/1"}],"replies":[{"embeddable":true,"href":"http:\/\/dsa-intime.de\/index.php?rest_route=%2Fwp%2Fv2%2Fcomments&post=422"}],"version-history":[{"count":3,"href":"http:\/\/dsa-intime.de\/index.php?rest_route=\/wp\/v2\/pages\/422\/revisions"}],"predecessor-version":[{"id":514,"href":"http:\/\/dsa-intime.de\/index.php?rest_route=\/wp\/v2\/pages\/422\/revisions\/514"}],"up":[{"embeddable":true,"href":"http:\/\/dsa-intime.de\/index.php?rest_route=\/wp\/v2\/pages\/179"}],"wp:attachment":[{"href":"http:\/\/dsa-intime.de\/index.php?rest_route=%2Fwp%2Fv2%2Fmedia&parent=422"}],"curies":[{"name":"wp","href":"https:\/\/api.w.org\/{rel}","templated":true}]}}