{"id":613,"date":"2013-04-05T20:41:03","date_gmt":"2013-04-05T20:41:03","guid":{"rendered":"http:\/\/dsa-intime.de\/?page_id=613"},"modified":"2013-04-05T20:41:03","modified_gmt":"2013-04-05T20:41:03","slug":"damonisches","status":"publish","type":"page","link":"http:\/\/dsa-intime.de\/?page_id=613","title":{"rendered":"D\u00e4monisches"},"content":{"rendered":"<p>F\u00fcr den dritten Teil der D\u00e4monenreihe nach <a href=\"http:\/\/dsa-intime.de\/?p=498\" target=\"_blank\">Erzd\u00e4monen<\/a> und Paktierern sammeln wir hier alle Ideen und Anregungen zum Thema D\u00e4monen in Aventurien. D\u00e4monische Kreaturen, Beschw\u00f6rungen und der ganze Kram, alles dazu plus Erg\u00e4nzungen zu den angesprochenen Themen, bitte hier rein!<\/p>\n","protected":false},"excerpt":{"rendered":"<p>F\u00fcr den dritten Teil der D\u00e4monenreihe nach Erzd\u00e4monen und Paktierern sammeln wir hier alle Ideen und Anregungen zum Thema D\u00e4monen in Aventurien. D\u00e4monische Kreaturen, Beschw\u00f6rungen und der ganze Kram, alles dazu plus Erg\u00e4nzungen zu den angesprochenen Themen, bitte hier rein!<\/p>\n","protected":false},"author":1,"featured_media":0,"parent":179,"menu_order":0,"comment_status":"open","ping_status":"open","template":"","meta":[],"_links":{"self":[{"href":"http:\/\/dsa-intime.de\/index.php?rest_route=\/wp\/v2\/pages\/613"}],"collection":[{"href":"http:\/\/dsa-intime.de\/index.php?rest_route=\/wp\/v2\/pages"}],"about":[{"href":"http:\/\/dsa-intime.de\/index.php?rest_route=\/wp\/v2\/types\/page"}],"author":[{"embeddable":true,"href":"http:\/\/dsa-intime.de\/index.php?rest_route=\/wp\/v2\/users\/1"}],"replies":[{"embeddable":true,"href":"http:\/\/dsa-intime.de\/index.php?rest_route=%2Fwp%2Fv2%2Fcomments&post=613"}],"version-history":[{"count":2,"href":"http:\/\/dsa-intime.de\/index.php?rest_route=\/wp\/v2\/pages\/613\/revisions"}],"predecessor-version":[{"id":616,"href":"http:\/\/dsa-intime.de\/index.php?rest_route=\/wp\/v2\/pages\/613\/revisions\/616"}],"up":[{"embeddable":true,"href":"http:\/\/dsa-intime.de\/index.php?rest_route=\/wp\/v2\/pages\/179"}],"wp:attachment":[{"href":"http:\/\/dsa-intime.de\/index.php?rest_route=%2Fwp%2Fv2%2Fmedia&parent=613"}],"curies":[{"name":"wp","href":"https:\/\/api.w.org\/{rel}","templated":true}]}}